te w(d).
3
Let f(s) be the second derivative of -s**3/6 - s**2 + 12*s. Determine f(3).
-5
Let n(c) = -20*c**2 + 7 + 3 + 21*c**2 + 5. What is n(0)?
15
Let v(w) = w. Let d(a) = -2*a**3 - 3*a**2 - 4*a. Let y(s) = -d(s) - 3*v(s). Give y(-2).
-6
Let y(r) = 4 + 37*r**2 + 10*r - 16*r**2 - 22*r**2. Give y(11).
-7
Let z(s) = -12. Let b(x) = -x - 11. Let w(a) = -6*b(a) + 5*z(a). Determine w(-4).
-18
Let p(h) = -3*h**2 + h + 0*h + 5*h**2. Let z(x) = x**3 - x**2 - x - 2. Suppose 0 = 4*j - j. Let r be z(j). Give p(r).
6
Let k(g) be the third derivative of g**4/8 + g**3/6 + 8*g**2. Give k(-4).
-11
Suppose 3*p = 4*w - 2*p, -5*p = 3*w - 35. Let d(v) = 2*v**3 - 3*v**3 - 6*v - w*v**2 - 4*v + 6*v - 6. Determine d(-4).
-6
Let m(i) = i**2 + 4*i + 6. Let x be m(-4). Let b be 0*(3/x - 1). Let g(l) = -l**2 + l - 4. Determine g(b).
-4
Let r(h) = 9*h**2 + 8*h + 9. Let z(i) = -5*i**2 - 4*i - 5. Let c(a) = 6*r(a) + 11*z(a). What is c(3)?
2
Let d(z) = 4*z**3 + 7*z**2 + 2*z - 3. Let m be 4/1*3/6. Let y(s) = 12*s**2 + 3*s**3 - 6 + 6*s**3 + 3*s**m + 4*s. Let x(o) = -7*d(o) + 3*y(o). Calculate x(-3).
0
Suppose -5*n = -14 - 6. Let g(o) = -n - 2 + 6*o - 4*o + o. Give g(4).
6
Let p(o) = o**2 + 4*o - 8. Let i be p(-6). Let l(q) = -q + 5. Let d be l(i). Let z(y) = -3*y + 3 + d - 3. Calculate z(3).
-8
Suppose 2*z = -l + 5, 0*z = -5*z - 3*l + 13. Let k(n) be the first derivative of 0*n**z + 4/3*n**3 - 1 + n. What is k(1)?
5
Let t(a) = -a**2 + 3*a - 5. Let g(d) = 5*d**2 - 16*d + 24. Let o(x) = -2*g(x) - 11*t(x). Calculate o(0).
7
Let h(m) = 10*m - 9. Let u(j) = -3*j + 3. Let f(y) = -2*h(y) - 7*u(y). Determine f(7).
4
Let d(j) be the third derivative of -1/60*j**5 + 0 - 1/4*j**4 + 0*j + 4*j**2 + j**3. What is d(-6)?
6
Let w(v) = v**2 - 6*v - 4. Suppose 12 + 8 = -4*c. Let g = c + 11. Determine w(g).
-4
Let z(p) be the first derivative of 4*p**3/3 - p**2/2 + p - 8. Calculate z(1).
4
Let j(t) = t**2 + 8*t - 5. Suppose -3*n - a = 4*a + 2, 5*n + 4*a + 25 = 0. What is j(n)?
4
Let i = 1 + 1. Let j be (-78)/(-9) + i/6. Let f be (-2)/(-8)*72/j. Let b(s) = s**3 - 2*s**2 - 3*s + 2. Determine b(f).
-4
Let l(a) be the second derivative of a**7/840 + a**5/120 - a**4/3 + a**3/3 - a. Let g(n) be the second derivative of l(n). Suppose -14*y = -16*y. Give g(y).
-8
Let n(f) = -16*f**3 - 2*f**2 + f**2 + 11*f**3. What is n(1)?
-6
Let q(h) = -2*h. Let g = -31 + 33. Give q(g).
-4
Let i = 6 - 8. Let o be ((-5)/(-10))/((-1)/(-4)). Let f(p) = 2*p**2 - 3*p**2 - 4*p**o + 1 + 4*p**2 - 3*p. Determine f(i).
3
Let f(r) = 2*r**2 + r. Suppose 7*w - 3*w - 4 = 0. What is f(w)?
3
Let m(q) be the third derivative of -q**4/24 + q**3/3 + 2*q**2. Let l be m(0). Let o(z) = 0*z**2 + 2*z + l - 6 + z**2. What is o(-4)?
4
Suppose z - 20 = -z - 2*r, -z - 2*r + 7 = 0. Let m = 9 - z. Let d(t) = -t**2 - 3*t + 3. Give d(m).
-1
Suppose 0 = -4*o + 5 + 7. Suppose -o*g + 4*j = 5*j + 7, -g - 5*j = 21. Let r(q) = 5*q**3 + q**2 - 1. Calculate r(g).
-5
Suppose -a = -d - 3, -5*d = -2*d + 3. Suppose z = 2 + 3. Suppose -a*s - z = -s. Let c(n) = -n**3 - 4*n**2 + 3*n - 4. Determine c(s).
6
Let k(j) = 8*j**3 - 9*j**3 + 1 + 0 + 2*j**2 + 2*j. Give k(3).
-2
Let u(c) = -c**3 + c**2 + 3*c - 4. Suppose -3*a + 10 + 5 = -2*t, 9 = -3*t. What is u(a)?
-13
Let t(w) = w - 3. Let u(l) = -2*l + 4. Let n(f) = 3*t(f) + 2*u(f). Give n(6).
-7
Let h(g) be the second derivative of g**6/120 - 7*g**5/60 + 7*g**4/24 + g**3 - 3*g**2 - 5*g. Let d(x) be the first derivative of h(x). Determine d(6).
12
Let r(n) = -3*n + 6. Let t = 18 - 15. Let b be 5 + -3*1/t. Give r(b).
-6
Let i(p) be the second derivative of -1/3*p**3 + 0 + 9*p - 3/4*p**4 + 1/2*p**2. Let f be 0 + 1/(1 + 0). Calculate i(f).
-10
Let w(g) = 7*g**2 - 2*g + 1. Let b be w(1). Let v be b/((-8)/3 + 2). Let l be (-1)/3 + 42/v. Let a(s) = -s - 12. What is a(l)?
-7
Let c(m) be the third derivative of -m**6/120 - m**5/15 + m**4/24 - m**3/3 + 9*m**2. Determine c(-3).
-14
Let z = -5 + 7. Let m be (0*z/4)/(-1). Let c(r) = r**3 - r**2 + 4. Calculate c(m).
4
Suppose -s = -5*h + 19, s - 4*s - 3*h + 15 = 0. Let d(r) = -r**3 + 2*r**2 - 2*r + 1. Give d(s).
0
Let q(f) be the second derivative of f**5/20 - 5*f**4/12 - f**3/6 - 5*f**2/2 - 3*f. What is q(5)?
-10
Let s(k) be the second derivative of k**4/24 + k**3/2 - 3*k**2/2 + 3*k. Let x(u) be the first derivative of s(u). Give x(-3).
0
Let b(h) = -h**2 + 3*h + 9. Let r(a) = 2*a**2 - 5*a - 16. Let z(d) = -5*b(d) - 3*r(d). Let g = 2 + 1. What is z(g)?
-6
Let z(u) be the second derivative of 2*u**3/3 + 7*u**2/2 - u. Calculate z(-5).
-13
Let p(r) = -r**2 + 7*r + 8. Let q(w) = w**3 - 24*w**2 + 22*w + 30. Let a be q(23). Calculate p(a).
8
Let r(v) = 3*v - 2. Suppose 5*a - 3*o = 24, 4*a + 1 = -5*o - 2. Determine r(a).
7
Let h = 55/2 - 27. Let b(m) be the first derivative of h*m**2 - 4*m - 1. Give b(4).
0
Suppose 5*j - 3*o = 2 + 28, 0 = 3*j + o - 4. Let l be (-1)/(1/(-3) + 0). Suppose l = 2*x - 5*h, x + h + j = -x. Let g(z) = -4*z**3 - 2*z**2 - z. Determine g(x).
3
Let l(y) = -3*y**3 + 3*y**2 - 2*y - 8. Let o(g) = -16*g**3 + 16*g**2 - 11*g - 39. Let h(j) = -11*l(j) + 2*o(j). Give h(0).
10
Let t = 62 + -56. Let h(s) = s**2 - 6*s - 1. Determine h(t).
-1
Let x(j) = -j**3 + 3*j**2 - j - 1. Let a be ((-8)/10)/(2/(-5)). Determine x(a).
1
Let b(d) = -34*d**2 + 19*d**2 + 16*d**2. What is b(0)?
0
Let s(z) = -11*z - 2. Let f(g) = 4*g + 1. Let y(n) = 8*f(n) + 3*s(n). Determine y(8).
-6
Let m(v) be the second derivative of v**5/20 + v**4/2 + 4*v**3/3 + 3*v**2 + 3*v. Let p be (-11 - -1)/(4 - 2). What is m(p)?
-9
Let o(s) = -s**3 + s - 5. Suppose 2*m + 6 = 3*u, -4*m = 5*u - 0*m + 12. Give o(u).
-5
Let s(u) = 6*u**2 + 9*u + 16. Let l(a) = -2*a**2 - 3*a - 6. Let p(d) = -8*l(d) - 3*s(d). Calculate p(-2).
-2
Let h(k) = -3*k**3 - k**2 - 4*k + 7. Let m(t) = -7*t**3 - 2*t**2 - 9*t + 14. Let z(n) = -9*h(n) + 4*m(n). Give z(0).
-7
Let z(g) be the second derivative of 5*g**4/6 + g**3/6 - g**2/2 - 4*g. Determine z(1).
10
Let y(c) = c**2 - 3. Let v = -41 + 29. Let z be v/(-8)*(-1 + 3). What is y(z)?
6
Let o(x) = x**3 - 5*x**2 - 4*x - 2. Let k(p) = p**3 - p**2 - 1. Let w(u) = -2*k(u) + o(u). Let h = -32 + 29. What is w(h)?
12
Let z(m) = m**3 + 2*m**2 - 3*m + 4. Let s be z(-3). Let u be -20*(s + (-51)/12). Let c(r) = r**2 - 5*r - 2. Determine c(u).
-2
Let q be (-2)/(-3*2/(-3)). Let b be 10*((-6)/10 - q). Suppose -b*d - 1 = 7. Let m(s) = s**3 - s. Determine m(d).
-6
Let r(a) = -5*a - 3. Let y(p) = -5 - 4 + 11 - 4 - 3*p. Let s(x) = -4*r(x) + 7*y(x). Give s(-3).
1
Let v(c) = -c**3 - 2*c - 3. Let d be 1/(((-10)/6)/(-5)). Suppose -4*n + d = 2*m + 1, 2*m = 5*n + 20. What is v(n)?
9
Let t(p) be the second derivative of -p**8/6720 + p**7/360 - p**6/144 - p**5/20 + p**4/6 - 2*p. Let o(q) be the third derivative of t(q). What is o(6)?
0
Let m(a) = 5*a - 1. Let d(n) = 4*n - 1. Let z(i) = -3*d(i) + 2*m(i). Suppose 3*t + 7 = 6*t + 2*h, 0 = 5*t + 5*h - 10. Determine z(t).
-5
Let j(u) = u**2 - 52 - 3*u + 50 - 4*u. Calculate j(7).
-2
Let q(v) be the second derivative of v**5/20 - 7*v**4/12 + v**3 + 3*v**2/2 - 3*v. Give q(6).
3
Let c be (13 + (-1 - 2))*1. Let f(x) = 2 - 5*x**3 - c*x**3 - 3*x + 16*x**3 - 2*x**2. Let o = 3 + 0. Calculate f(o).
2
Suppose 25 = -5*i + 7*n - 2*n, -17 = i - 4*n. Let u = i + 3. Let a(d) = -d + 1. Let t(y) = -8*y + 5. Let k(q) = 4*a(q) - t(q). Give k(u).
7
Suppose -d - 3*d - 16 = 0. Let j(f) = f**2 - 1. Let q(h) = -h**2 + 4*h - 1. Let k(p) = -2*j(p) - q(p). Give k(d).
3
Let f(t) = t + 11. Suppose -5 = -4*r + 5*m, 0*m = -3*r + 3*m. Give f(r).
6
Let m = -2 + 3. Let n = 1 - 0. Let h(a) = m - a - n. Give h(3).
-3
Let n(q) be the first derivative of 4*q**3/3 + q - 53. Calculate n(1).
5
Let y(l) be the first derivative of -l**6/360 + l**5/30 + l**4/3 + 5*l**3/3 - 7. Let m(p) be the third derivative of y(p). Calculate m(6).
-4
Let n be (-9)/12 + (-190)/(-8). Suppose 0 = 4*r - 3 + n. Let q(c) = c**3 + 5*c**2 - 2*c - 2. Calculate q(r).
8
Let s(k) be the first derivative of -k**6/360 - k**5/24 - k**4/8 + k**3/3 - 2. Let n(z) be the third derivative of s(z). Suppose 0 = -4*r + 3 - 19. Give n(r).
1
Let g(v) = -v + 3. Suppose 5*y - 9 = -4. Suppose 5 + y = h. Let a = 9 - h. Determine g(a).
0
Let h be -2*(-1 + 6/4). Let m(k) = k. Let v be m(1). Let u = v - h. Let x(b) = b - 2. Give x(u).
0
Let v(d) = -d**3 - 6*d**2 